hat is the highest common factor of 738 and 801?
9
What is the greatest common divisor of 57673 and 88?
11
Calculate the highest common divisor of 2875 and 13500.
125
What is the highest common divisor of 210766 and 34?
34
Calculate the greatest common divisor of 28 and 19216.
4
What is the greatest common divisor of 41 and 11111?
41
What is the highest common factor of 5724 and 10971?
477
What is the highest common factor of 1935 and 4816?
43
Calculate the greatest common divisor of 111 and 1659117.
111
Calculate the greatest common divisor of 4830 and 943.
23
Calculate the greatest common divisor of 2025 and 9525.
75
What is the highest common divisor of 293210 and 538?
538
What is the highest common divisor of 16 and 1160?
8
Calculate the highest common divisor of 1350 and 1152.
18
What is the greatest common divisor of 105 and 213?
3
What is the greatest common factor of 100 and 150100?
100
Calculate the highest common factor of 1882869 and 204.
51
What is the highest common divisor of 944 and 50504?
472
Calculate the greatest common factor of 150081 and 57.
57
What is the highest common divisor of 13767003 and 2922?
1461
Calculate the greatest common divisor of 32 and 123700.
4
Calculate the greatest common factor of 19720 and 8120.
1160
Calculate the greatest common divisor of 936 and 631566.
234
Calculate the greatest common divisor of 3714 and 192.
6
Calculate the greatest common divisor of 400 and 85952.
16
Calculate the greatest common factor of 444945 and 15.
15
Calculate the greatest common divisor of 63960 and 5070.
390
Calculate the highest common factor of 790 and 1089015.
395
Calculate the highest common divisor of 1773 and 1890609.
591
What is the greatest common factor of 2495969 and 14?
7
Calculate the greatest common factor of 20 and 61885.
5
What is the greatest common divisor of 27993 and 434?
217
What is the highest common factor of 1207 and 13561?
71
What is the highest common factor of 33 and 361625?
11
What is the greatest common divisor of 44 and 219714?
22
What is the highest common divisor of 776451 and 8944?
559
Calculate the highest common divisor of 13476 and 612.
12
What is the highest common divisor of 23777 and 496?
31
What is the greatest common divisor of 20271 and 1398?
699
Calculate the highest common divisor of 485 and 3201.
97
What is the highest common factor of 3808 and 826?
14
Calculate the highest common factor of 12 and 35268.
12
Calculate the greatest common factor of 20336 and 9922.
82
Calculate the highest common factor of 28 and 1112664.
28
What is the highest common factor of 74 and 892662?
74
Calculate the greatest common divisor of 36517 and 52.
13
What is the greatest common factor of 16337 and 5100?
17
What is the highest common factor of 693 and 1008?
63
Calculate the highest common factor of 12552 and 29568.
24
Calculate the greatest common factor of 17 and 230248.
17
What is the greatest common factor of 657400 and 2076?
692
Calculate the greatest common divisor of 388 and 1364693.
97
What is the greatest common divisor of 2294 and 30266?
74
What is the highest common factor of 2100586 and 174?
58
What is the greatest common factor of 1746 and 54?
18
Calculate the highest common divisor of 190 and 397708.
38
Calculate the greatest common factor of 860964 and 208.
52
What is the greatest common factor of 420 and 14980?
140
What is the highest common divisor of 14766936 and 24?
24
Calculate the highest common divisor of 1500 and 1776900.
300
What is the highest common factor of 4320 and 9960?
120
What is the greatest common divisor of 472989 and 132?
33
Calculate the highest common factor of 84 and 436324.
28
What is the greatest common divisor of 16040 and 120?
40
What is the highest common factor of 25761 and 93?
93
What is the highest common divisor of 10 and 116070?
10
What is the highest common divisor of 66 and 822?
6
Calculate the highest common factor of 1037 and 24191.
17
What is the highest common factor of 12 and 32276?
4
Calculate the greatest common divisor of 50 and 49150.
50
Calculate the highest common divisor of 171 and 532323.
171
What is the greatest common factor of 1718937 and 1074?
537
Calculate the highest common factor of 78 and 1508.
26
Calculate the greatest common divisor of 41660 and 890.
10
What is the highest common divisor of 6009715 and 109?
109
Calculate the highest common factor of 1336 and 328.
8
Calculate the highest common divisor of 47190 and 3510.
390
What is the highest common factor of 10704 and 2568?
24
What is the highest common factor of 28891 and 2338?
167
What is the greatest common factor of 259090 and 4030?
130
Calculate the highest common factor of 180 and 860940.
180
Calculate the highest common factor of 357 and 44310.
21
Calculate the highest common factor of 220 and 13475.
55
Calculate the greatest common factor of 128 and 104.
8
What is the highest common factor of 2852 and 6572?
124
What is the highest common factor of 93541 and 299?
23
What is the greatest common factor of 10400 and 11920?
80
Calculate the greatest common factor of 297 and 10827.
27
Calculate the greatest common divisor of 20677 and 161.
23
Calculate the highest common factor of 5352 and 648.
24
What is the highest common factor of 45 and 183906?
9
What is the greatest common divisor of 83096 and 189176?
1768
Calculate the greatest common factor of 112417 and 8532.
79
Calculate the highest common factor of 2868 and 815468.
956
What is the greatest common factor of 468 and 8028?
36
What is the greatest common factor of 184 and 13096?
8
What is the greatest common factor of 23142 and 16443?
609
What is the highest common factor of 133 and 11647?
19
What is the greatest common divisor of 6840 and 49860?
180
Calculate the highest common divisor of 1022276 and 152.
76
Calculate the highest common divisor of 15485965 and 55.
55
What is the greatest common divisor of 51729 and 129?
129
Calculate the greatest common factor of 391830 and 1110.
1110
What is the greatest common divisor of 2392 and 104512?
184
Calculate the highest common factor of 32 and 252272.
16
What is the greatest common divisor of 552 and 27255?
69
Calculate the highest common divisor of 2144 and 27403.
67
What is the greatest common factor of 81 and 7234677?
81
Calculate the greatest common factor of 5226 and 1326.
78
Calculate the greatest common divisor of 1088900 and 75.
25
What is the greatest common divisor of 162 and 18936?
18
What is the greatest common factor of 1275908 and 296?
148
Calculate the greatest common divisor of 10240 and 150016.
512
Calculate the highest common factor of 1639 and 66.
11
What is the greatest common divisor of 7 and 32299?
1
What is the greatest common divisor of 407 and 700447?
407
What is the greatest common divisor of 1064 and 8456?
56
Calculate the highest common divisor of 18 and 207531.
9
Calculate the highest common divisor of 15 and 48220.
5
What is the greatest common factor of 1200428 and 296?
148
What is the highest common divisor of 345 and 16629?
69
Calculate the highest common factor of 620 and 45870.
10
Calculate the highest common factor of 25 and 88975.
25
What is the greatest common divisor of 142758 and 220?
22
Calculate the greatest common factor of 174816 and 12.
12
What is the highest common divisor of 90 and 3117258?
18
Calculate the greatest common divisor of 9751 and 1592.
199
What is the highest common factor of 296 and 161172?
148
What is the greatest common divisor of 169505 and 58?
29
What is the highest common divisor of 327 and 81205?
109
What is the highest common divisor of 1135 and 513928?
227
Calculate the greatest common factor of 984 and 3013746.
246
What is the greatest common divisor of 93924 and 612?
36
What is the highest common divisor of 2375 and 22500?
125
What is the greatest common divisor of 114596 and 4?
4
What is the greatest common factor of 2300845 and 555?
185
Calculate the highest common divisor of 93 and 1702923.
93
Calculate the greatest common divisor of 5568 and 3600.
48
Calculate the greatest common factor of 1047392 and 80.
16
Calculate the highest common divisor of 640 and 96704.
64
Calculate the greatest common factor of 2394 and 45334.
38
What is the highest common divisor of 140 and 204365?
35
What is t